d 15.
5
Calculate the greatest common factor of 230 and 10638972.
46
What is the greatest common factor of 20480130 and 1155?
165
Calculate the greatest common divisor of 46305450 and 612.
306
Calculate the highest common divisor of 32 and 117423472.
16
What is the greatest common divisor of 48352029 and 237?
237
Calculate the highest common divisor of 7381016 and 8.
8
Calculate the greatest common divisor of 50 and 2621850.
50
Calculate the greatest common divisor of 5774 and 286768597.
2887
Calculate the greatest common factor of 5481 and 1226799.
189
What is the highest common divisor of 13878944 and 131744?
5728
What is the greatest common divisor of 31870 and 4471361?
3187
Calculate the greatest common divisor of 1467 and 283248360.
1467
Calculate the highest common factor of 18 and 456455259.
9
What is the greatest common factor of 60 and 1721270?
10
What is the highest common divisor of 1728 and 1899252576?
864
What is the greatest common factor of 106440 and 5160?
120
Calculate the highest common factor of 76018 and 46566.
398
What is the highest common factor of 20905 and 681390?
565
What is the highest common divisor of 1689 and 27091560?
1689
What is the highest common divisor of 14632864 and 3456?
32
What is the highest common divisor of 75 and 57045408?
3
What is the greatest common divisor of 54339 and 2349471?
921
What is the greatest common factor of 364 and 4668664?
364
What is the greatest common divisor of 16454 and 710986?
866
Calculate the greatest common factor of 351817 and 20685647.
5963
What is the highest common factor of 785700 and 4317300?
8100
What is the greatest common divisor of 80906463 and 36?
9
What is the highest common factor of 53900 and 3406550?
350
Calculate the greatest common divisor of 1415177 and 3376.
211
What is the highest common factor of 336 and 18608772?
84
What is the highest common factor of 14 and 216166237?
7
What is the highest common factor of 5157616 and 384?
16
What is the greatest common factor of 1508 and 6542458?
754
What is the greatest common divisor of 5439 and 601398?
777
What is the greatest common divisor of 55 and 5863627?
11
Calculate the greatest common factor of 495 and 3208480.
55
What is the highest common divisor of 7314487 and 38?
19
Calculate the greatest common divisor of 6849962 and 70.
14
Calculate the greatest common factor of 522 and 97515.
9
Calculate the highest common divisor of 125748973 and 19.
19
What is the greatest common divisor of 67236680 and 280?
280
Calculate the highest common factor of 3300 and 14834850.
150
What is the greatest common divisor of 244014 and 3980706?
3642
What is the greatest common factor of 5887 and 32451667?
841
Calculate the greatest common factor of 119430 and 200377.
1327
Calculate the highest common factor of 14870 and 1145.
5
What is the greatest common factor of 39220 and 5328?
148
What is the greatest common factor of 145 and 295355?
5
Calculate the highest common divisor of 236128 and 2272.
32
What is the greatest common divisor of 96291 and 4203061?
823
What is the greatest common divisor of 2572182 and 172017?
621
What is the greatest common factor of 256757206 and 146?
146
What is the greatest common factor of 4887 and 62537853?
543
Calculate the highest common factor of 55251014 and 30338.
2758
What is the greatest common factor of 69531 and 484561?
539
What is the highest common divisor of 65 and 194541685?
65
What is the highest common factor of 8522965 and 15?
5
What is the highest common divisor of 689668990 and 4790?
4790
Calculate the greatest common divisor of 164 and 203368200.
164
What is the greatest common factor of 80066 and 657286?
1862
What is the greatest common factor of 1386 and 17959392?
198
What is the greatest common factor of 20 and 27542290?
10
Calculate the highest common factor of 3614786 and 217.
217
What is the greatest common factor of 33235 and 697?
17
What is the highest common divisor of 1432 and 29829634?
358
Calculate the highest common factor of 112 and 7486094.
14
Calculate the highest common factor of 484568 and 1270464.
4072
What is the highest common divisor of 111364 and 6908?
44
Calculate the greatest common divisor of 371 and 45143015.
53
Calculate the greatest common factor of 2758944 and 216456.
696
Calculate the greatest common divisor of 309998712 and 72.
24
Calculate the highest common factor of 10386462 and 5975.
239
Calculate the greatest common factor of 12471552 and 9216.
2304
What is the highest common divisor of 106477 and 1004843?
49
What is the greatest common divisor of 763 and 9467983?
7
What is the highest common factor of 527778 and 436?
218
What is the highest common divisor of 190 and 445980825?
95
Calculate the highest common factor of 49706192 and 48.
16
What is the highest common factor of 1386456 and 756633?
4227
What is the highest common divisor of 286 and 24647480?
286
What is the highest common factor of 116065 and 52939?
167
What is the highest common divisor of 925 and 4257775?
925
What is the greatest common divisor of 1760 and 514224?
16
Calculate the highest common factor of 34613538 and 114.
6
What is the greatest common divisor of 5320490848 and 32?
32
What is the highest common factor of 18687557 and 74221?
3227
What is the greatest common divisor of 22 and 9428243?
11
Calculate the greatest common factor of 60 and 2073896.
4
Calculate the highest common factor of 88382 and 215586.
826
Calculate the greatest common divisor of 1140770 and 222.
2
What is the highest common divisor of 86267200 and 32?
32
What is the highest common divisor of 11736811 and 59?
59
Calculate the highest common divisor of 125 and 27459625.
125
Calculate the greatest common divisor of 7690 and 164685964.
1538
Calculate the highest common divisor of 553 and 167198997.
553
Calculate the greatest common factor of 256 and 12960368.
16
What is the greatest common factor of 146 and 186077?
73
Calculate the greatest common factor of 6345120 and 480.
480
Calculate the greatest common factor of 6000675 and 1045.
95
Calculate the greatest common factor of 386 and 405586798.
386
Calculate the greatest common factor of 736 and 861426912.
736
Calculate the highest common divisor of 3686 and 2338368.
38
What is the highest common factor of 207751155 and 5089?
727
Calculate the greatest common divisor of 72 and 734227740.
36
What is the highest common factor of 12488569 and 445?
89
What is the highest common divisor of 2830 and 14738074?
566
Calculate the greatest common factor of 32 and 15635056.
16
Calculate the highest common factor of 617439820 and 137.
137
Calculate the highest common divisor of 11633665 and 75.
5
What is the greatest common factor of 20 and 25470730?
10
What is the greatest common divisor of 234 and 650712?
6
Calculate the highest common factor of 23014 and 305402.
622
What is the highest common factor of 83 and 11362783?
83
What is the highest common divisor of 1156 and 10806492?
68
What is the greatest common divisor of 2633 and 266944072?
2633
Calculate the greatest common factor of 6969 and 21942.
69
What is the greatest common divisor of 177612 and 1496172?
492
Calculate the highest common factor of 29335663 and 98.
49
Calculate the greatest common divisor of 6678 and 2863378.
742
What is the greatest common factor of 52371439 and 291335?
5297
Calculate the highest common factor of 913906 and 609.
203
Calculate the highest common divisor of 1892 and 601920.
44
Calculate the highest common divisor of 252 and 1578420.
36
What is the highest common divisor of 114187 and 325882?
1283
What is the greatest common divisor of 130230 and 611550?
90
Calculate the greatest common factor of 1036 and 13320888.
1036
Calculate the highest common factor of 5490505 and 10.
5
What is the highest common divisor of 192 and 19975616?
64
What is the greatest common factor of 3089366 and 377566?
2086
Calculate the greatest common factor of 1587836 and 43754.
334
Calculate the greatest common divisor of 80348 and 2463228.
212
Calculate the highest common divisor of 105 and 80281243.
7
Calculate the greatest common divisor of 850674 and 3564.
66
What is the greatest common factor of 142437 and 1027?
79
Calculate the greatest common factor of 345 and 3199020.
15
What is the high